3. Is o(8) composite?
False
Let c(y) = 363424*y**3 - y**2 - 9*y + 7. Is c(1) prime?
False
Suppose 610910 = -390*x + 400*x. Is x a prime number?
True
Is (-1 - -7) + (48079 - 12*(-3 + 4)) a prime number?
True
Let t(x) be the first derivative of -51*x**2 - 101*x + 6. Is t(-12) a prime number?
True
Suppose 362634 - 2325529 - 1078363 = -22*f. Is f composite?
False
Suppose -a - 14 = -16. Suppose -g + t = -1387 - 1100, -a*g - t = -4986. Is g a composite number?
True
Suppose -3*p = 99 + 279. Let g = p - -269. Is g a prime number?
False
Let d(q) be the third derivative of 703*q**5/30 - 3*q**4/2 + q**3/3 - 24*q**2. Is d(2) prime?
False
Is 5 - 8*7761/(-26) a prime number?
True
Let z(d) = 63*d**2 - d**2 - 3*d + 23*d**2. Let r be z(2). Let h = r - 189. Is h prime?
False
Suppose -350*u + 340*u + 70 = 0. Let y(s) = -9*s**3 + 9*s**2 + 2*s + 3. Let z be y(-6). Suppose -u*q = -4*q - z. Is q a composite number?
True
Let t(s) = 67*s**2 + 42*s - 4. Let k be t(5). Let p = 13420 - k. Is p a prime number?
False
Suppose -2*m - 10622 = 3*v, -v - 5*m + 17695 = -6*v. Is (46/(-3))/(40/v) a prime number?
False
Suppose 635352 = 24*m - 888470 - 829162. Is m a prime number?
True
Let q(o) be the third derivative of 51*o**5/20 + 15*o**4/8 + o**3/6 + 63*o**2. Is q(6) composite?
False
Is 43485 - ((-2)/25 + (-7272)/(-900)) a prime number?
False
Let u(n) = 22*n + 1. Let w be u(-4). Let g be w*2/3*-28. Let o = g + 2019. Is o prime?
True
Let m(v) = 185*v + 43 + 225*v - 133*v + 452*v. Is m(4) prime?
False
Let h be 77/(-2)*(-24)/14. Let n be 1*(-1 - 0)*(0 - 29). Let r = h - n. Is r a composite number?
False
Let g(h) = -22*h**2 + 4*h - 2. Let a be g(1). Let j be (28 + a)/(2 - 78/38). Let v = 255 + j. Is v composite?
False
Let c(q) = -21*q + 9. Let b be 2/(-11) + (1412/22 - 2). Suppose b = -5*k - 8. Is c(k) a prime number?
False
Let x = 13533 + -7012. Is x a prime number?
True
Let d(p) = -14*p**2 + 1. Let f(w) = w - 94 + 93 - 11*w**2 + 26*w**2. Let x(y) = -4*d(y) - 3*f(y). Is x(4) a prime number?
True
Let t = 11 - 4. Let h = 51 - 43. Suppose -t*l = -h*l + 254. Is l composite?
True
Suppose 11 = -2*b - 3*c, 4*b - 6*c + 2*c = 28. Suppose b*g - 7*g + 3420 = 5*j, 5*j = 2*g + 3406. Suppose -8*s + j + 606 = 0. Is s a prime number?
False
Suppose -4*s + 3*s = 2*s. Suppose s = -7*n + 8307 + 1360. Is n a prime number?
True
Let q(y) = 27*y**2 + 7*y - 39. Let a(o) = -o**2 + 10*o + 3. Let u be a(10). Suppose -u*d + 4*t - 46 = -0, 2*t - 48 = 4*d. Is q(d) composite?
False
Let y(k) = 18129*k**2 + 13*k + 3. Is y(-1) a prime number?
True
Let b be (-126332)/(-4) - (-36)/(-6). Suppose -3*j + 94758 = 3*l, -59*j - 2*l - b = -60*j. Is j prime?
True
Let p(r) = r + 7. Let w be p(-6). Suppose w + 3 = -2*b. Let z(n) = -152*n - 5. Is z(b) a composite number?
True
Let v(t) = -2*t - 1918. Let m(o) = -o + 3834. Let d(f) = -1917. Let s(z) = 5*d(z) + 2*m(z). Let c(p) = -3*s(p) + 2*v(p). Is c(0) prime?
False
Suppose 2531 + 484 = -3*w. Let c = w + 16. Let j = -502 - c. Is j prime?
True
Let f(u) = -3*u**2 - 10*u + 50. Let i(k) be the third derivative of k**5/15 + 3*k**4/8 - 17*k**3/2 + 34*k**2. Let o(n) = 6*f(n) + 5*i(n). Is o(-14) prime?
True
Let y = -42 - -44. Suppose 3*p = -u - 191, 3*p - u - y*u + 207 = 0. Let d = 230 - p. Is d composite?
True
Suppose 5*i + 68 = -2*o, 5*o - 7 = -2. Let j(m) = -17*m + 103. Is j(i) a prime number?
False
Let l(u) = 7*u**3 - u**2 - u - 36. Let q(s) = 3*s**3 - 17. Let m(y) = -6*l(y) + 13*q(y). Suppose 2 = 2*g - 4*g, 34 = -4*b - 2*g. Is m(b) a prime number?
True
Suppose -3*d = -8*d - 2*u + 4, -10 = -2*d + 2*u. Suppose -z + 3*h = -10, 0*h = -d*z + h + 15. Is z a composite number?
False
Suppose -823*q - 99530 = -833*q. Is q a prime number?
False
Let m(j) = 15*j**3 + 2*j**2 + j - 1. Let a = -23 + 17. Let n(f) = 31*f**3 + 3*f**2 + 2*f - 2. Let c(i) = a*n(i) + 13*m(i). Is c(6) prime?
True
Is (-1)/((8/98732)/((-10)/5)) composite?
False
Let n = -300 + 667. Let r be 5382/(-24) + (-1)/(-4). Let z = r + n. Is z prime?
False
Let b(d) = 109595*d**2 + 325*d + 1. Is b(-1) prime?
False
Suppose 5*b - 15 = 0, 3*b + 1656 + 4745 = 2*j. Is j a prime number?
False
Suppose 0 = -5*n + 4 + 11. Suppose 5*y - n = b, -b + 0*y + 5 = 3*y. Suppose 2140 = 5*j + w, -4*w + 2145 = 5*j - b*w. Is j prime?
False
Let r = 271811 + -26512. Is r composite?
False
Is (13/3 - 0)/(18*(-20)/(-1748520)) a composite number?
True
Let t(n) = 12*n**3 + 5*n**2 - 31*n + 97. Is t(14) a composite number?
True
Is 39/(-234) + (-1330790)/(-12) a prime number?
True
Let h(s) = s + 58. Let y(n) = -29. Let x(r) = -2*h(r) - 5*y(r). Let k be x(13). Suppose -3*q + 3*j + 1767 = j, -k*j + 2339 = 4*q. Is q composite?
False
Let o be -22 + 8 - 2/1. Is ((-62312)/o)/((-1)/(-2)) a composite number?
False
Let f be (-1 + 3)/(4/(-216)*-3). Suppose 4*k + c = 4*c + 29, -f = -4*k - 4*c. Let q(j) = 131*j + 63. Is q(k) prime?
False
Suppose 2*h = -28*n + 29*n - 106387, 425548 = 4*n - 5*h. Is n a composite number?
True
Let l(g) = 87*g**2 - 49*g + 821. Is l(15) a composite number?
False
Let y be (-4)/1 + 18/6. Let p be (-6)/(y + (-4 - -6)). Is p/33 - 4065/(-33) composite?
True
Let u(z) be the third derivative of 17*z**6/120 + z**5/60 + z**4/12 - 18*z**2. Let v be u(5). Let i = v + -1321. Is i composite?
False
Suppose -6*v + 150 = -9*v. Let m = v + 54. Suppose 4*p - 2*u = 942, -2*u = -m*p + 2*u + 936. Is p prime?
False
Let j = -5447 + 36097. Suppose 92*s = 102*s - j. Is s composite?
True
Let d(i) = -i**3 - 10*i**2 + 24*i + 2. Let f be d(-12). Let n(p) = p**2 + 10*p - 20. Let z be n(f). Suppose -z*v + 10523 + 2369 = 0. Is v a prime number?
False
Let a = -598170 + 1047607. Is a prime?
True
Suppose 49 - 53 = -4*x. Suppose -1 = 3*n - x. Suppose n = 2*c - 982 - 1948. Is c a composite number?
True
Let l(s) = -s**3 - 3*s**2 + 22*s - 12. Let z be l(-11). Let t = 1037 - z. Is t prime?
False
Let x = 137983 - 55722. Is x a composite number?
False
Let z(u) = -6*u**3 + 3*u**2 - 51*u + 26. Let h(b) = 3*b**3 - b. Let v(q) = 5*h(q) + z(q). Is v(9) prime?
False
Is (-2 + 2 - -2) + (-64 - -393243) a prime number?
True
Suppose -9463 = -5*d + 4*j, -6*d + j = -4*d - 3787. Let g be 3/21*2*(-7)/(-1). Suppose -5*u = -g*l + 758, 0 = l + 4*l + 4*u - d. Is l a composite number?
False
Let c = -103 - -444. Let y = 532 - c. Is y composite?
False
Let n = 71212 - 40903. Is n a prime number?
False
Let d be 0*(-4)/(-8)*1. Let i be d - (-2 + 1) - -3. Suppose -o + 3219 = 4*y, 0 = i*y - 2 - 14. Is o a prime number?
True
Let c(o) = 1607*o**2 - 44*o - 5. Is c(10) a prime number?
False
Suppose 0*h = 5*h + 1355. Let r = 638 + h. Suppose -4*f = 2*d - 1180, -957 = -2*f - 4*d - r. Is f a prime number?
False
Suppose 8*h = -9315 + 36443. Is h a prime number?
True
Let l be 435/10*2/3. Let u = l + -30. Is (-3 - -2)/(u/701) prime?
True
Let j be (-9)/6*(1 - 35/15). Suppose -2*b + 2*g + 12 = 0, -j*b + 7 = -g - 5. Suppose b*y = 7512 + 3906. Is y prime?
False
Let r(u) be the first derivative of u**4/4 - 14*u**3/3 - 5*u**2 + 18*u - 54. Let b be -5*(0 - 1)*3. Is r(b) composite?
True
Suppose 0*h - 3*h + j - 9 = 0, -2*j = 3*h. Let r be (2/h - -13)*16242/(-8). Is 8/12*r/(-6) composite?
False
Let j(r) = -54*r**3 - 6*r**2 - 9*r. Let m be j(-4). Suppose -5*o - 16950 = -5*y, 0*y + o - m = -y. Suppose -y = -9*h + 4608. Is h a composite number?
True
Suppose w - 103947 = 1976*s - 1980*s, -5*w - 2*s = -519879. Is w a prime number?
True
Let s = 21 + -16. Suppose 0 = 4*b - 5*w + 2231 + 6025, b + s*w = -2089. Let r = -1270 - b. Is r prime?
False
Let b(v) = 157443*v + 980. Is b(9) a prime number?
True
Let u(h) = -88*h + 21. Suppose -2*n + 56 = 60. Let j be (-23)/(4/n - (-9)/3). Is u(j) a composite number?
True
Suppose 529*v - 2212855 + 1191300 = 1799602. Is v a prime number?
True
Let f(v) be the third derivative of v**5/60 + v**4/4 + 2*v**3 - 25*v**2. Let s be f(-3). Suppose 3*n = -s*n + 126. Is n a composite number?
True
Is (-19)/228*6*-2092894 prime?
True
Suppose -124*a + 5817 = -117*a. Let n = 957 + -122. Suppose 2*s = f + a, 0*f = 2*s - 5*f - n. Is s composite?
True
Let g(z) be the first derivative of -299*z**3/3 + 7*z**2/2 - 11*z - 36. Let x be g(4). Let p = -496 - x. Is p a composite number?
False
Is 172643*(-9 + 7)*(-1)/2 composite?
False
Let h = 84 + -81. Suppose -h*n = -2*v - 2*n - 169, n = -5*v - 419. Is (1137/(-12))/(4 - (-339)/v